{"id":367,"date":"2025-11-04T12:37:37","date_gmt":"2025-11-04T12:37:37","guid":{"rendered":"https:\/\/viajesinterrail.railgoexperience.com\/?page_id=367"},"modified":"2025-11-04T12:37:37","modified_gmt":"2025-11-04T12:37:37","slug":"politica-de-privacidad","status":"publish","type":"page","link":"https:\/\/viajesinterrail.railgoexperience.com\/?page_id=367","title":{"rendered":"Pol\u00edtica de privacidad"},"content":{"rendered":"\n<p>De acuerdo con la Ley Org\u00e1nica 3\/2018, de 5 de diciembre, de Protecci\u00f3n de Datos Personales y garant\u00eda de los derechos digitales LOPDGDD y su Reglamento de desarrollo (RGPD) (UE) 2016\/679, le informamos de los siguiente:<\/p>\n\n\n\n<h2 class=\"wp-block-heading\">\u00bfQUI\u00c9N ES EL RESPONSABLE DEL TRATAMIENTO DE SUS DATOS?<\/h2>\n\n\n\n<p>La definici\u00f3n de responsable de tratamiento viene descrita en la LOPDGDD y su Reglamento de desarrollo (RGPD), y es la siguiente:<br>Responsable del tratamiento o responsable: la persona f\u00edsica o jur\u00eddica, autoridad p\u00fablica, servicio u otro organismo que, solo o junto con otros, determine los fines y medios del tratamiento.<\/p>\n\n\n\n<p>Su Nombre Comercial:&nbsp;<strong>VB Global Group S.L<\/strong><br>NIF:&nbsp;<strong>B83782284<\/strong><br>Su direcci\u00f3n postal:&nbsp;<strong>Calle del Pr\u00edncipe de Vergara 227, 28016 Madrid<\/strong><br>Su Tel\u00e9fono:&nbsp;<strong>621 194 792<\/strong><br>Su Correo electr\u00f3nico:&nbsp;<strong>go@railgo.travel<\/strong><\/p>\n\n\n\n<h2 class=\"wp-block-heading\">\u00bfCON QU\u00c9 FINALIDAD TRATAMOS SUS DATOS PERSONALES?<\/h2>\n\n\n\n<p>En VB Global Group S.L, trataremos los datos personales recabados a trav\u00e9s del Sitio web: www.railgoexperience.com, con las siguientes finalidades:<\/p>\n\n\n\n<ul class=\"wp-block-list\">\n<li>En caso de contrataci\u00f3n de los bienes y servicios ofertados, para mantener la relaci\u00f3n contractual, as\u00ed como la gesti\u00f3n, administraci\u00f3n, informaci\u00f3n, prestaci\u00f3n y mejora del servicio.<\/li>\n\n\n\n<li>Env\u00edo de informaci\u00f3n solicitada a trav\u00e9s de los formularios dispuestos en MailChimp.<\/li>\n\n\n\n<li>Remitir boletines (newsletters), as\u00ed como comunicaciones comerciales de promociones y\/o publicidad de www.railgoexperience.com y del sector.<\/li>\n<\/ul>\n\n\n\n<p>Le recordamos que puede oponerse al env\u00edo de comunicaciones comerciales por cualquier v\u00eda y en cualquier momento, remitiendo un correo electr\u00f3nico a la direcci\u00f3n del Responsable del tratamiento indicado anteriormente. Los campos de dichos registros son de cumplimentaci\u00f3n obligatoria, siendo imposible realizar las finalidades expresadas si no se aportan esos datos.<\/p>\n\n\n\n<h2 class=\"wp-block-heading\">\u00bfPOR CU\u00c1NTO TIEMPO CONSERVAMOS TUS DATOS?<\/h2>\n\n\n\n<p>Los datos personales proporcionados se conservar\u00e1n mientras se mantenga la relaci\u00f3n comercial o no solicite su supresi\u00f3n y durante el plazo por el cu\u00e1l pudieran derivarse responsabilidades legales por los servicios prestados.<\/p>\n\n\n\n<h2 class=\"wp-block-heading\">\u00bfCU\u00c1L ES LA LEGITIMACI\u00d3N PARA EL TRATAMIENTO DE SUS DATOS?<\/h2>\n\n\n\n<p>La base legal para el tratamiento de sus datos es la prestaci\u00f3n del servicio o la atenci\u00f3n de consultas formuladas por el interesado.<\/p>\n\n\n\n<p>El tratamiento de sus datos se realiza con las siguientes bases jur\u00eddicas que legitiman el mismo:<\/p>\n\n\n\n<ul class=\"wp-block-list\">\n<li>La solicitud de informaci\u00f3n y\/o la contrataci\u00f3n de los servicios de www.railgoexperience.com, cuyos t\u00e9rminos y condiciones se pondr\u00e1n a su disposici\u00f3n en todo caso, de forma previa a una eventual contrataci\u00f3n.<\/li>\n\n\n\n<li>El consentimiento libre, espec\u00edfico, informado e inequ\u00edvoco, en tanto que te informamos poniendo a su disposici\u00f3n la presente pol\u00edtica de privacidad, que, tras la lectura de esta, en caso de estar conforme, puede aceptar mediante una declaraci\u00f3n o una clara acci\u00f3n afirmativa, como el marcado de una casilla dispuesta al efecto.<\/li>\n<\/ul>\n\n\n\n<h2 class=\"wp-block-heading\">\u00bfA QU\u00c9 DESTINATARIOS SE COMUNICAR\u00c1N SUS DATOS?<\/h2>\n\n\n\n<p>Sus datos no se ceder\u00e1n a terceros ajenos a VB Global Group S.L, salvo en los casos en que exista una obligaci\u00f3n legal y los trataremos en base a su consentimiento.<\/p>\n\n\n\n<h2 class=\"wp-block-heading\">\u00bfCU\u00c1LES SON SUS DERECHOS CUANDO NOS FACILITA SUS DATOS?<\/h2>\n\n\n\n<p>Cualquier persona tiene derecho a obtener confirmaci\u00f3n sobre si estamos tratando datos personales que les conciernan, o no.<\/p>\n\n\n\n<p>Las personas interesadas tienen derecho a acceder a sus datos personales, as\u00ed como a solicitar la rectificaci\u00f3n de los datos inexactos o, en su caso, solicitar su supresi\u00f3n cuando, entre otros motivos, los datos ya no sean necesarios para los fines que fueron recogidos.<\/p>\n\n\n\n<p>En determinadas circunstancias, los interesados podr\u00e1n solicitar la limitaci\u00f3n del tratamiento de sus datos, en cuyo caso \u00fanicamente los conservaremos para el ejercicio o la defensa de reclamaciones.<\/p>\n\n\n\n<p>A su vez y por motivos relacionados con su situaci\u00f3n particular, los interesados podr\u00e1n oponerse al tratamiento de sus datos. En ese caso dejaremos de tratar los mismos, salvo por motivos leg\u00edtimos imperiosos, o el ejercicio o la defensa de posibles reclamaciones.<\/p>\n\n\n\n<p>Le informamos tambi\u00e9n del derecho a tutela de la autoridad de protecci\u00f3n de datos, Agencia Espa\u00f1ola de Protecci\u00f3n de Datos (AEPD).<\/p>\n\n\n\n<h2 class=\"wp-block-heading\">\u00bfC\u00d3MO HEMOS OBTENIDO SUS DATOS?<\/h2>\n\n\n\n<p>Los datos personales que tratamos proceden del interesado o de su representante legal.<br>Cuando nos escribe a trav\u00e9s del formulario de contacto de la web www.railgoexperience.com, estos ser\u00e1n incluidos en una base de datos automatizada de los servicios de MailChimp.<\/p>\n\n\n\n<p>Los usuarios, mediante la marcaci\u00f3n de la casilla, aceptan expresamente y de forma libre e inequ\u00edvoca que sus datos personales sean tratados por parte del prestador para dar respuesta a las solicitudes formuladas.<\/p>\n\n\n\n<p>El prestador informa y garantiza expresamente a los usuarios que sus datos personales no ser\u00e1n cedidos en ning\u00fan caso a terceras compa\u00f1\u00edas ajenas a la prestaci\u00f3n del servicio y que siempre que fuera a realizarse alg\u00fan tipo de cesi\u00f3n de datos personales, de forma previa, se solicitar\u00eda el consentimiento expreso, informado, e inequ\u00edvoco por parte de los titulares.<\/p>\n\n\n\n<p>Todos los datos solicitados a trav\u00e9s del sitio web son obligatorios, ya que son necesarios para la prestaci\u00f3n de un servicio \u00f3ptimo al usuario. En caso de que no sean facilitados todos los datos, el prestador no garantiza que la informaci\u00f3n y servicios facilitados sean completamente ajustados a sus necesidades.<\/p>\n\n\n\n<p>El usuario podr\u00e1 darse de baja de cualquiera de los servicios de suscripci\u00f3n facilitados enviando un email a&nbsp;<strong><a href=\"mailto:go@railgo.travel\">go@railgo.travel<\/a><\/strong>&nbsp;indicando en el asunto BAJA.<\/p>\n\n\n\n<p>Del mismo modo, el prestador ha adoptado todas las medidas t\u00e9cnicas y de organizaci\u00f3n necesarias para garantizar la seguridad e integridad de los datos de car\u00e1cter personal que trate, as\u00ed como para evitar su p\u00e9rdida, alteraci\u00f3n y\/o acceso por parte de terceros no autorizados.<\/p>\n","protected":false},"excerpt":{"rendered":"<p>De acuerdo con la Ley Org\u00e1nica 3\/2018, de 5 de diciembre, de Protecci\u00f3n de Datos Personales y garant\u00eda de los derechos digitales LOPDGDD y su Reglamento de desarrollo (RGPD) (UE) 2016\/679, le informamos de los siguiente: \u00bfQUI\u00c9N ES EL RESPONSABLE DEL TRATAMIENTO DE SUS DATOS? La definici\u00f3n de responsable de tratamiento viene descrita en la [&hellip;]<\/p>\n","protected":false},"author":1,"featured_media":0,"parent":0,"menu_order":0,"comment_status":"closed","ping_status":"closed","template":"","meta":{"footnotes":""},"class_list":["post-367","page","type-page","status-publish","hentry"],"yoast_head":"<!-- This site is optimized with the Yoast SEO plugin v27.4 - https:\/\/yoast.com\/product\/yoast-seo-wordpress\/ -->\n<title>Pol\u00edtica de privacidad - Railgo<\/title>\n<meta name=\"robots\" content=\"index, follow, max-snippet:-1, max-image-preview:large, max-video-preview:-1\" \/>\n<link rel=\"canonical\" href=\"https:\/\/viajesinterrail.railgoexperience.com\/?page_id=367\" \/>\n<meta property=\"og:locale\" content=\"es_ES\" \/>\n<meta property=\"og:type\" content=\"article\" \/>\n<meta property=\"og:title\" content=\"Pol\u00edtica de privacidad - Railgo\" \/>\n<meta property=\"og:description\" content=\"De acuerdo con la Ley Org\u00e1nica 3\/2018, de 5 de diciembre, de Protecci\u00f3n de Datos Personales y garant\u00eda de los derechos digitales LOPDGDD y su Reglamento de desarrollo (RGPD) (UE) 2016\/679, le informamos de los siguiente: \u00bfQUI\u00c9N ES EL RESPONSABLE DEL TRATAMIENTO DE SUS DATOS? La definici\u00f3n de responsable de tratamiento viene descrita en la [&hellip;]\" \/>\n<meta property=\"og:url\" content=\"https:\/\/viajesinterrail.railgoexperience.com\/?page_id=367\" \/>\n<meta property=\"og:site_name\" content=\"Railgo\" \/>\n<meta property=\"og:image\" content=\"https:\/\/viajesinterrail.railgoexperience.com\/wp-content\/uploads\/2025\/11\/Logo-railgo.png\" \/>\n\t<meta property=\"og:image:width\" content=\"415\" \/>\n\t<meta property=\"og:image:height\" content=\"415\" \/>\n\t<meta property=\"og:image:type\" content=\"image\/png\" \/>\n<meta name=\"twitter:card\" content=\"summary_large_image\" \/>\n<meta name=\"twitter:label1\" content=\"Tiempo de lectura\" \/>\n\t<meta name=\"twitter:data1\" content=\"5 minutos\" \/>\n<script type=\"application\/ld+json\" class=\"yoast-schema-graph\">{\"@context\":\"https:\\\/\\\/schema.org\",\"@graph\":[{\"@type\":\"WebPage\",\"@id\":\"https:\\\/\\\/viajesinterrail.railgoexperience.com\\\/?page_id=367\",\"url\":\"https:\\\/\\\/viajesinterrail.railgoexperience.com\\\/?page_id=367\",\"name\":\"Pol\u00edtica de privacidad - Railgo\",\"isPartOf\":{\"@id\":\"https:\\\/\\\/viajesinterrail.railgoexperience.com\\\/#website\"},\"datePublished\":\"2025-11-04T12:37:37+00:00\",\"breadcrumb\":{\"@id\":\"https:\\\/\\\/viajesinterrail.railgoexperience.com\\\/?page_id=367#breadcrumb\"},\"inLanguage\":\"es\",\"potentialAction\":[{\"@type\":\"ReadAction\",\"target\":[\"https:\\\/\\\/viajesinterrail.railgoexperience.com\\\/?page_id=367\"]}]},{\"@type\":\"BreadcrumbList\",\"@id\":\"https:\\\/\\\/viajesinterrail.railgoexperience.com\\\/?page_id=367#breadcrumb\",\"itemListElement\":[{\"@type\":\"ListItem\",\"position\":1,\"name\":\"Portada\",\"item\":\"https:\\\/\\\/viajesinterrail.railgoexperience.com\\\/\"},{\"@type\":\"ListItem\",\"position\":2,\"name\":\"Pol\u00edtica de privacidad\"}]},{\"@type\":\"WebSite\",\"@id\":\"https:\\\/\\\/viajesinterrail.railgoexperience.com\\\/#website\",\"url\":\"https:\\\/\\\/viajesinterrail.railgoexperience.com\\\/\",\"name\":\"Railgo\",\"description\":\"Rutas de interrail fin de curso\",\"publisher\":{\"@id\":\"https:\\\/\\\/viajesinterrail.railgoexperience.com\\\/#organization\"},\"alternateName\":\"Railgo\",\"potentialAction\":[{\"@type\":\"SearchAction\",\"target\":{\"@type\":\"EntryPoint\",\"urlTemplate\":\"https:\\\/\\\/viajesinterrail.railgoexperience.com\\\/?s={search_term_string}\"},\"query-input\":{\"@type\":\"PropertyValueSpecification\",\"valueRequired\":true,\"valueName\":\"search_term_string\"}}],\"inLanguage\":\"es\"},{\"@type\":\"Organization\",\"@id\":\"https:\\\/\\\/viajesinterrail.railgoexperience.com\\\/#organization\",\"name\":\"Railgo\",\"alternateName\":\"Railgo\",\"url\":\"https:\\\/\\\/viajesinterrail.railgoexperience.com\\\/\",\"logo\":{\"@type\":\"ImageObject\",\"inLanguage\":\"es\",\"@id\":\"https:\\\/\\\/viajesinterrail.railgoexperience.com\\\/#\\\/schema\\\/logo\\\/image\\\/\",\"url\":\"https:\\\/\\\/viajesinterrail.railgoexperience.com\\\/wp-content\\\/uploads\\\/2025\\\/11\\\/Logo-railgo.png\",\"contentUrl\":\"https:\\\/\\\/viajesinterrail.railgoexperience.com\\\/wp-content\\\/uploads\\\/2025\\\/11\\\/Logo-railgo.png\",\"width\":415,\"height\":415,\"caption\":\"Railgo\"},\"image\":{\"@id\":\"https:\\\/\\\/viajesinterrail.railgoexperience.com\\\/#\\\/schema\\\/logo\\\/image\\\/\"}}]}<\/script>\n<!-- \/ Yoast SEO plugin. -->","yoast_head_json":{"title":"Pol\u00edtica de privacidad - Railgo","robots":{"index":"index","follow":"follow","max-snippet":"max-snippet:-1","max-image-preview":"max-image-preview:large","max-video-preview":"max-video-preview:-1"},"canonical":"https:\/\/viajesinterrail.railgoexperience.com\/?page_id=367","og_locale":"es_ES","og_type":"article","og_title":"Pol\u00edtica de privacidad - Railgo","og_description":"De acuerdo con la Ley Org\u00e1nica 3\/2018, de 5 de diciembre, de Protecci\u00f3n de Datos Personales y garant\u00eda de los derechos digitales LOPDGDD y su Reglamento de desarrollo (RGPD) (UE) 2016\/679, le informamos de los siguiente: \u00bfQUI\u00c9N ES EL RESPONSABLE DEL TRATAMIENTO DE SUS DATOS? La definici\u00f3n de responsable de tratamiento viene descrita en la [&hellip;]","og_url":"https:\/\/viajesinterrail.railgoexperience.com\/?page_id=367","og_site_name":"Railgo","og_image":[{"width":415,"height":415,"url":"https:\/\/viajesinterrail.railgoexperience.com\/wp-content\/uploads\/2025\/11\/Logo-railgo.png","type":"image\/png"}],"twitter_card":"summary_large_image","twitter_misc":{"Tiempo de lectura":"5 minutos"},"schema":{"@context":"https:\/\/schema.org","@graph":[{"@type":"WebPage","@id":"https:\/\/viajesinterrail.railgoexperience.com\/?page_id=367","url":"https:\/\/viajesinterrail.railgoexperience.com\/?page_id=367","name":"Pol\u00edtica de privacidad - Railgo","isPartOf":{"@id":"https:\/\/viajesinterrail.railgoexperience.com\/#website"},"datePublished":"2025-11-04T12:37:37+00:00","breadcrumb":{"@id":"https:\/\/viajesinterrail.railgoexperience.com\/?page_id=367#breadcrumb"},"inLanguage":"es","potentialAction":[{"@type":"ReadAction","target":["https:\/\/viajesinterrail.railgoexperience.com\/?page_id=367"]}]},{"@type":"BreadcrumbList","@id":"https:\/\/viajesinterrail.railgoexperience.com\/?page_id=367#breadcrumb","itemListElement":[{"@type":"ListItem","position":1,"name":"Portada","item":"https:\/\/viajesinterrail.railgoexperience.com\/"},{"@type":"ListItem","position":2,"name":"Pol\u00edtica de privacidad"}]},{"@type":"WebSite","@id":"https:\/\/viajesinterrail.railgoexperience.com\/#website","url":"https:\/\/viajesinterrail.railgoexperience.com\/","name":"Railgo","description":"Rutas de interrail fin de curso","publisher":{"@id":"https:\/\/viajesinterrail.railgoexperience.com\/#organization"},"alternateName":"Railgo","potentialAction":[{"@type":"SearchAction","target":{"@type":"EntryPoint","urlTemplate":"https:\/\/viajesinterrail.railgoexperience.com\/?s={search_term_string}"},"query-input":{"@type":"PropertyValueSpecification","valueRequired":true,"valueName":"search_term_string"}}],"inLanguage":"es"},{"@type":"Organization","@id":"https:\/\/viajesinterrail.railgoexperience.com\/#organization","name":"Railgo","alternateName":"Railgo","url":"https:\/\/viajesinterrail.railgoexperience.com\/","logo":{"@type":"ImageObject","inLanguage":"es","@id":"https:\/\/viajesinterrail.railgoexperience.com\/#\/schema\/logo\/image\/","url":"https:\/\/viajesinterrail.railgoexperience.com\/wp-content\/uploads\/2025\/11\/Logo-railgo.png","contentUrl":"https:\/\/viajesinterrail.railgoexperience.com\/wp-content\/uploads\/2025\/11\/Logo-railgo.png","width":415,"height":415,"caption":"Railgo"},"image":{"@id":"https:\/\/viajesinterrail.railgoexperience.com\/#\/schema\/logo\/image\/"}}]}},"_links":{"self":[{"href":"https:\/\/viajesinterrail.railgoexperience.com\/index.php?rest_route=\/wp\/v2\/pages\/367","targetHints":{"allow":["GET"]}}],"collection":[{"href":"https:\/\/viajesinterrail.railgoexperience.com\/index.php?rest_route=\/wp\/v2\/pages"}],"about":[{"href":"https:\/\/viajesinterrail.railgoexperience.com\/index.php?rest_route=\/wp\/v2\/types\/page"}],"author":[{"embeddable":true,"href":"https:\/\/viajesinterrail.railgoexperience.com\/index.php?rest_route=\/wp\/v2\/users\/1"}],"replies":[{"embeddable":true,"href":"https:\/\/viajesinterrail.railgoexperience.com\/index.php?rest_route=%2Fwp%2Fv2%2Fcomments&post=367"}],"version-history":[{"count":1,"href":"https:\/\/viajesinterrail.railgoexperience.com\/index.php?rest_route=\/wp\/v2\/pages\/367\/revisions"}],"predecessor-version":[{"id":368,"href":"https:\/\/viajesinterrail.railgoexperience.com\/index.php?rest_route=\/wp\/v2\/pages\/367\/revisions\/368"}],"wp:attachment":[{"href":"https:\/\/viajesinterrail.railgoexperience.com\/index.php?rest_route=%2Fwp%2Fv2%2Fmedia&parent=367"}],"curies":[{"name":"wp","href":"https:\/\/api.w.org\/{rel}","templated":true}]}}